y 58.
45
Calculate the remainder when 161919 is divided by 381.
375
What is the remainder when 9066 is divided by 313?
302
What is the remainder when 8487 is divided by 4234?
19
What is the remainder when 2299 is divided by 64?
59
Calculate the remainder when 634735 is divided by 64.
47
What is the remainder when 20843 is divided by 2977?
4
What is the remainder when 25323 is divided by 114?
15
Calculate the remainder when 7492 is divided by 7340.
152
What is the remainder when 46311 is divided by 38?
27
What is the remainder when 1769 is divided by 389?
213
What is the remainder when 659 is divided by 174?
137
What is the remainder when 10597 is divided by 167?
76
What is the remainder when 275694 is divided by 26?
16
What is the remainder when 1957 is divided by 931?
95
Calculate the remainder when 4139 is divided by 245.
219
What is the remainder when 6581 is divided by 6577?
4
What is the remainder when 5486 is divided by 117?
104
Calculate the remainder when 1198208 is divided by 52096.
0
Calculate the remainder when 25319 is divided by 10.
9
Calculate the remainder when 532 is divided by 247.
38
What is the remainder when 799492 is divided by 292?
288
What is the remainder when 10643 is divided by 882?
59
Calculate the remainder when 598749 is divided by 168.
165
What is the remainder when 198394 is divided by 36?
34
What is the remainder when 104405 is divided by 1274?
1211
Calculate the remainder when 3188 is divided by 342.
110
What is the remainder when 30056 is divided by 233?
232
Calculate the remainder when 153736 is divided by 76856.
24
What is the remainder when 121 is divided by 39?
4
Calculate the remainder when 16756 is divided by 2787.
34
Calculate the remainder when 145788 is divided by 353.
352
Calculate the remainder when 2313 is divided by 205.
58
What is the remainder when 174579 is divided by 602?
601
What is the remainder when 17208 is divided by 1229?
2
What is the remainder when 2902 is divided by 586?
558
Calculate the remainder when 19221 is divided by 506.
499
What is the remainder when 52234 is divided by 26037?
160
What is the remainder when 11628 is divided by 1936?
12
Calculate the remainder when 91666 is divided by 8332.
14
Calculate the remainder when 83396 is divided by 1574.
1548
Calculate the remainder when 4070 is divided by 298.
196
Calculate the remainder when 25005 is divided by 284.
13
Calculate the remainder when 21515 is divided by 1024.
11
What is the remainder when 859 is divided by 206?
35
Calculate the remainder when 61109 is divided by 175.
34
Calculate the remainder when 75876 is divided by 62.
50
What is the remainder when 20437 is divided by 289?
207
Calculate the remainder when 2529 is divided by 1160.
209
What is the remainder when 1023919 is divided by 9?
7
Calculate the remainder when 1105 is divided by 359.
28
What is the remainder when 43707 is divided by 7?
6
What is the remainder when 16339 is divided by 5399?
142
What is the remainder when 24881 is divided by 24876?
5
Calculate the remainder when 724174 is divided by 173.
169
What is the remainder when 85792 is divided by 312?
304
Calculate the remainder when 3315 is divided by 47.
25
What is the remainder when 6848268 is divided by 1430?
1428
Calculate the remainder when 110889 is divided by 36961.
6
Calculate the remainder when 3835 is divided by 547.
6
Calculate the remainder when 31844 is divided by 40.
4
What is the remainder when 327364 is divided by 18?
16
Calculate the remainder when 23780 is divided by 22.
20
Calculate the remainder when 440834 is divided by 192.
2
Calculate the remainder when 89663 is divided by 4719.
2
What is the remainder when 10662 is divided by 484?
14
What is the remainder when 24163 is divided by 4027?
1
What is the remainder when 12597 is divided by 4149?
150
What is the remainder when 27140 is divided by 323?
8
Calculate the remainder when 96117 is divided by 111.
102
What is the remainder when 79738 is divided by 11?
10
Calculate the remainder when 128528 is divided by 17.
8
Calculate the remainder when 1422 is divided by 282.
12
What is the remainder when 412220 is divided by 304?
300
What is the remainder when 277862 is divided by 25?
12
What is the remainder when 141657 is divided by 47117?
306
Calculate the remainder when 4051558 is divided by 30.
28
What is the remainder when 6638 is divided by 1325?
13
Calculate the remainder when 421405 is divided by 33.
28
What is the remainder when 701 is divided by 559?
142
Calculate the remainder when 1844389 is divided by 461097.
1
What is the remainder when 11857 is divided by 3763?
568
What is the remainder when 2854 is divided by 406?
12
What is the remainder when 7004 is divided by 334?
324
Calculate the remainder when 2014 is divided by 92.
82
What is the remainder when 4887 is divided by 325?
12
What is the remainder when 21983 is divided by 279?
221
Calculate the remainder when 40284 is divided by 92.
80
What is the remainder when 19437 is divided by 80?
77
Calculate the remainder when 58005 is divided by 57769.
236
Calculate the remainder when 496546 is divided by 497.
43
Calculate the remainder when 90734 is divided by 567.
14
What is the remainder when 25903 is divided by 1722?
73
Calculate the remainder when 7118 is divided by 46.
34
Calculate the remainder when 129516 is divided by 221.
10
What is the remainder when 46185 is divided by 18?
15
Calculate the remainder when 623039 is divided by 59.
58
What is the remainder when 188905 is divided by 31484?
1
What is the remainder when 377713 is divided by 214?
3
Calculate the remainder when 4573 is divided by 186.
109
Calculate the remainder when 43297 is divided by 7.
2
What is the remainder when 958 is divided by 242?
232
Calculate the remainder when 91038 is divided by 24.
6
What is the remainder when 17385 is divided by 868?
25
What is the remainder when 208439 is divided by 60?
59
What is the remainder when 4498 is divided by 437?
128
Calculate the remainder when 2098775 is divided by 209.
206
Calculate the remainder when 2570 is divided by 1252.
66
What is the remainder when 1168 is divided by 1161?
7
What is the remainder when 507191 is divided by 734?
731
What is the remainder when 9739 is divided by 232?
227
What is the remainder when 72602 is divided by 12097?
20
What is the remainder when 46894 is divided by 37?
15
Calculate the remainder when 20224 is divided by 337.
4
Calculate the remainder when 6762 is divided by 1494.
786
Calculate the remainder when 69553 is divided by 325.
3
Calculate the remainder when 921150 is divided by 13.
9
Calculate the remainder when 193458 is divided by 96656.
146
What is the remainder when 350215 is divided by 459?
457
Calculate the remainder when 5179 is divided by 4251.
928
Calculate the remainder when 194439 is divided by 435.
429
Calculate the remainder when 40864 is divided by 152.
128
What is the remainder when 160718 is divided by 112?
110
What is the remainder when 560 is divided by 19?
9
What is the remainder when 1849919 is divided by 64?
63
Calculate the remainder when 51281 is divided by 1384.
73
Calculate the remainder when 5001 is divided by 519.
330
What is the remainder when 314395 is divided by 3144?
3139
What is the remainder when 24071 is divided by 464?
407
Calculate the remainder when 445453 is divided by 1314.
7
Calculate the remainder when 15548 is divided by 10.
8
Calculate the remainder when 3671 is divided by 1736.
199
What is the remainder when 36296 is divided by 227?
203
Calculate the remainder when 940 is divided by 236.
232
What is the remainder when 2739 is divided by 145?
129
What is the remainder when 22063 is divided by 10983?
97
Calculate the remainder when 264025 is divided by 28.
13
What is the remainder when 30868 is divided by 3857?
12
What is the remainder when 5672 is divided by 354?
8
What is the remainder when 5715 is divided by 55?
50
What is the remainder when 47165 is divided by 16?
13
What is the remainder when 39315 is divided by 39261?
54
Calculate the remainder when 1773 is divided by 27.
18
Calculate the remainder when 232463 is divided by 58.
57
Calculate the remainder when 93327 is divided by 18661.
22
What is the remainder when 1620 is divided by 657?
306
What is the remainder when 92519 